= -8. Suppose -5 + 11 = p*g. Let d(t) = -t**3 + 2*t**2 + 4*t + 1. Calculate d(g).
4
Let v(o) = -5*o**3 - 24*o**2 + 13*o - 29. Let a(n) = 3*n**3 + 16*n**2 - 9*n + 19. Let i(t) = 8*a(t) + 5*v(t). What is i(7)?
7
Let z(l) = 3*l - 2. Let r(j) = 2*j + 25 - 21 - 10. Suppose -3*q - 5*g = 2*q - 10, -2*q + 5*g + 18 = 0. Let x be r(q). What is z(x)?
4
Let n be 2/6*9 - 1. Let h(z) = 2 + 4*z**2 + z**3 - n + 1 - 4*z. Let b(g) = 2*g + 3. Let m be b(-4). Give h(m).
-4
Let q(y) = -y**3 + 4*y**2 + 6*y - 5. Suppose 2*d = 2*p - 14, 2*p = 5*p - 5*d - 19. Let x = 13 - p. Determine q(x).
0
Let u(m) = 2*m**2 + m. Let h(z) = -z**3 + 5*z**2 - 5*z + 3. Let s be h(4). Determine u(s).
1
Let x(q) = 2*q - 2. Suppose -3*r + 22 = -2*s + 6*s, -r + 14 = 3*s. Determine x(r).
2
Let c(y) be the third derivative of 0 + 0*y + 1/20*y**5 - 1/8*y**4 - 8*y**2 + 0*y**3. Calculate c(2).
6
Let r be 22/(-8) + 6/8. Let y be r/8 + (-18)/(-8). Let l = 2 + y. Let k(h) = h - 4. Give k(l).
0
Suppose 2*w + 3*w - k = 10, 3*k = 3*w - 18. Let d be 2 + (2 - (2 + 0)). Let t(z) = 0*z**2 + 6*z**d + 7*z**3 - 2*z**2 - z - w - 3*z**2. Give t(-1).
-6
Let f(t) = -t**2 + t + 4. Let w(j) = j - 1. Let d(a) = 7*a - 6. Let n(l) = d(l) - 6*w(l). Let z be n(1). Let h be z/(1*3/(-9)). What is f(h)?
-8
Let v(w) = 30*w - 33. Let z(o) = -o + 1. Let u(b) = 2*v(b) + 66*z(b). Suppose -13 = 5*s - 3. Determine u(s).
12
Let j(x) = x**2 - 5*x + 1. Let t be j(4). Let g(w) = w**3 + 2*w**2 - 3*w. Calculate g(t).
0
Let y(j) be the first derivative of -j**2/2 - 4*j + 3. Let v(x) = -x - 5. Let g(o) = -4*v(o) + 5*y(o). Give g(-5).
5
Let l(z) = -5*z**2 + 6*z**2 - 4 + z**3 + 4*z**2. Let d(w) = 2*w + 1. Let g be d(-3). Give l(g).
-4
Let h(z) = 3*z + 34. Let s(l) = 2*l + 18. Let g(c) = -4*h(c) + 7*s(c). Give g(7).
4
Let i(z) = z. Let h(x) be the second derivative of -5*x**3/6 + x**2/2 - 3*x. Let s(u) = -h(u) - 4*i(u). What is s(-2)?
-3
Let k(a) = 4*a**3 + a**2 - 1. Let r = 18 + -11. Suppose r = 4*v + 3. Calculate k(v).
4
Let u(g) be the third derivative of 1/24*g**4 + 0*g - 1/3*g**3 + 0 - 3*g**2. Give u(-4).
-6
Let c(v) = -5*v**3 - 3*v**2 + 3*v + 8. Let l(m) = -4*m + 2*m + m**2 - 2*m**3 - 4 + 5*m**3. Let y(z) = -4*c(z) - 7*l(z). Calculate y(5).
6
Let g(z) = -2*z**2 + 5*z + 3. Let r be g(4). Let x = r - -7. Let k(s) = 2*s**2 + s - 2. Calculate k(x).
4
Suppose 3*j = 4*c - 23, 0*c + 2*j = -2*c + 8. Suppose -c*k + 2*z - 10 = 0, -2*z + 16 = 6. Let q(a) = -a**2 + 7. Determine q(k).
7
Suppose -k = -7 - 3. Let n(b) = -b**3 + 9*b**2 + 9*b + 2. Determine n(k).
-8
Let f(h) = 2 - h + 3 + 1 - 1. Let p be 7/(7/(-4))*-1. Calculate f(p).
1
Let x(s) = 2*s**3 - 4 - 6*s**3 + 3*s**3 + 19. Determine x(0).
15
Let c(r) = -r**3 - 2*r**2 + r. Let u be -1*15/10*2. Determine c(u).
6
Let d(y) = -y. Let s be (-4 - -1)/(3/(-21)). Let w = 19 - s. Give d(w).
2
Let i(d) = -1 + 3*d - 9 + 0*d - d. What is i(7)?
4
Let b(h) = 6*h - 8. Let s(v) = -10*v + 10. Let w(g) = 7*g - 7. Let a(f) = -5*s(f) - 7*w(f). Let r(n) = -2*a(n) + b(n). Give r(4).
10
Let t(v) = -13*v**2 + v - 4. Let c(x) = -9*x**2 + x - 3. Let l(f) = -7*c(f) + 5*t(f). Give l(2).
-11
Let h be (6/15)/((-3)/15). Let f be 1/(3/(-9)) + h. Let w(l) = l**3 + 5*l**2. What is w(f)?
0
Let b(q) = 2*q**3 - 13*q**2 + 2*q + 2. Let w(v) = -v**3 + 6*v**2 - v - 1. Let x(k) = 6*b(k) + 13*w(k). Give x(2).
-11
Let c(q) = -q**2 + q + 6. Let j be c(3). Let h(f) = 2*f + 10 + f**2 - 2*f. Give h(j).
10
Let i(u) = -9*u**3 + 5*u**2 - 13*u - 7. Let q(n) = 4*n**3 - 3*n**2 + 6*n + 4. Let p(j) = -3*i(j) - 7*q(j). Calculate p(5).
3
Let i = 14 + -10. Let a(g) = -g**3 + 5*g - 2. Let q(t) = t**3 - t**2 - 4*t + 2. Let y(v) = 3*a(v) + 4*q(v). What is y(i)?
-2
Let k(f) be the second derivative of -f**6/40 + f**3/6 + f**2 + 3*f. Let y(a) be the first derivative of k(a). Let c be -1 - -1*(-2 + 4). Give y(c).
-2
Let c(a) = 4*a - 2. Suppose 2 = -o + 42. Suppose -6*t + o = -t. Suppose t - 2 = 3*s. What is c(s)?
6
Suppose 4*u = -u + 2*p - 25, 4*u + 4*p + 20 = 0. Let c(v) = -v**2 - 4*v + 1. Calculate c(u).
-4
Let j(r) = 11*r**2 + 23*r - 21. Let d(h) = 5*h**2 + 11*h - 10. Let m(i) = -9*d(i) + 4*j(i). Let w be (12/(-15))/(3 + (-87)/30). What is m(w)?
-2
Let b(f) = -f + 8. Let u be b(5). Suppose a = -u*a. Let m(w) be the first derivative of w**4/4 + 4*w + 1. Calculate m(a).
4
Let l(b) = 5*b + 1. Let w be l(-2). Let i = -25 - -29. Let p = w + i. Let x(y) = -2*y - 7. What is x(p)?
3
Let v(r) be the first derivative of r**2 + 14*r - 4. Let p(g) = -g - 7. Let u(q) = 13*p(q) + 6*v(q). Give u(-5).
-2
Let o(s) be the third derivative of s**5/6 - s**4/24 + 9*s**2. Calculate o(-1).
11
Let v(y) = 7*y + 11. Let i(t) = 4*t + 6. Let l(n) = -5*i(n) + 3*v(n). Let k be l(-6). Let w(r) = r**2 + 2*r - 2. What is w(k)?
1
Let x(y) = -y**3 + 7*y**2 - 7*y + 3. Let c(f) = f + 20. Let k be (0 - (-4)/8)*-28. Let v be c(k). Calculate x(v).
-3
Let b = 16 - 16. Let y(t) = -t**2 + 1. What is y(b)?
1
Let i(a) = a**2 + 3*a + 1. Suppose 5*p - 8 = -2*b, b + 2*p - 2 = 1. What is i(b)?
-1
Let p(o) = o**2 + 5*o - 4. Let l be p(-6). Let a(d) = 0 + 1 - l - d. Calculate a(-1).
0
Let l(f) be the second derivative of f**5/2 - f**4/12 - 7*f. Determine l(-1).
-11
Let t(z) = z**2 - z - 3. Suppose 0 = -4*c - 4, -4*w + 0 = -2*c - 2. Calculate t(w).
-3
Let x(f) = 2*f**2 - 4*f + 2. Suppose -2*k + 4 = -0. Suppose 3*b + 3*l = -0*b + 18, -4*b - l + 18 = 0. Let i = b - k. What is x(i)?
2
Let m(o) be the third derivative of o**4/24 + 2*o**3/3 - o**2. Let l(j) = -j**3 + 8*j**2 + 9*j - 4. Let r be l(9). Calculate m(r).
0
Let h(o) = -3*o + 15. Let q be h(5). Suppose -22 = -t + 5*a, -3*t = -4*a + 3*a - 10. Let v = q - t. Let d(m) = -2*m**3 + 2*m - 1. Calculate d(v).
11
Suppose -6*r = -r. Let b(h) = h + 11. What is b(r)?
11
Suppose -3*o = 4*r - 10, 0*r + 5*r = -10. Let t(f) = 2*f - 4. What is t(o)?
8
Let c(r) = -2*r + 5. Suppose -10*a + 8 + 52 = 0. Calculate c(a).
-7
Let o(w) = -2*w**3 - 1. Let l be o(1). Let m(v) = v**3 + 2*v**2 + 2*v - 1. Let t(r) = r**3 + 2*r**2 + r. Let p(n) = 3*m(n) - 4*t(n). Calculate p(l).
0
Let i(b) = -b**3 - b - 10. Let m = -53 - -53. Determine i(m).
-10
Let k(w) be the third derivative of w**4/6 + w**3/6 - 7*w**2 - 2. Let t = 8 + -6. Determine k(t).
9
Suppose 3*h - r + 2 = 0, -2*h + 5*r = -0*r + 10. Suppose 2*f + 2*f = 4. Let z(j) = -f - 2*j + 2*j + 3 - j**2. What is z(h)?
2
Let p(r) be the first derivative of r**2/2 + 2*r + 1. Let k(w) = -w**3 - 8*w**2 + 10*w + 6. Let l = -18 + 9. Let c be k(l). Give p(c).
-1
Let v be (-8)/24 - 34/6. Let u(x) = -x**2 - 6*x + 7. What is u(v)?
7
Suppose 4*a - 3 = 9. Let u = -8 - -14. Let z = a - u. Let o(n) = n**3 + 3*n**2 + 2*n - 4. Determine o(z).
-10
Suppose -4*k = -2*k - 20. Let c be ((-8)/k)/(14/35). Let w(o) = -o**3 - o**2 - 4*o - 3. Give w(c).
9
Let g(j) = 7*j**3 - 4*j**2 - 9*j. Let l(p) = 15*p**3 - 8*p**2 - 19*p - 1. Let a(h) = 13*g(h) - 6*l(h). What is a(5)?
16
Let a be ((-9)/2 + 2)*-2. Let b(l) = -l + 2*l - a*l**2 + 3*l - 5*l. Suppose -r - 2*n = 7, 2*r - 8*n + 3*n - 22 = 0. Give b(r).
-6
Let w(t) = -t**3 - 2*t**2 - t. Suppose 0 = -4*z - 2*q - 2*q + 12, 5*q = -2*z + 18. What is w(z)?
0
Let l(v) = -21*v**2 + v - 15. Let r(c) = 4*c**2 + 3. Let i(q) = -2*l(q) - 11*r(q). Suppose -4*m = m + 35. Let y = m - -5. What is i(y)?
-7
Let m(q) = q**2 - 3*q - 1. Let y(c) = c + 5. Let p be y(6). Suppose 1 - p = -2*t. Suppose 0 = 4*i + l - t - 5, 0 = -2*i - l + 4. Calculate m(i).
-1
Let q be 5 + -8 + 12/2. Let j be (-6)/(q/2*1). Let n be (-95)/35 - j/(-14). Let y(z) = z**3 + 4*z**2 + 2*z + 3. Calculate y(n).
6
Let t(h) = h**3 + 4*h**2 + 6*h + 4. Let g = -53 - -49. Calculate t(g).
-20
Let y(g) = g - 1. Suppose -5*x + 8 = -3*x. Suppose 0*a + x*a = 8. Calculate y(a).
1
Suppose d = -5*s - 28, 10 + 10 = -4*s. Let a = -3 - 3. Let u(y) = -4*y + 7. Let f(n) = -9*n + 15. Let o(v) = a*f(v) + 13*u(v). Calculate o(d).
-5
Let j(w) be the second derivative of -1/12*w**4 + 0 + 1/6*w**3 + 0*w**2 - 3*w. Calculate j(0).
0
Let w(a) = a**3 - 11*a**2 - 12*a + 6. Let t(q) = -2*q**2 + 10*q + 12. Let b be t(5). What is w(b)?
6
Let q(h) = h**2 + 4*h - 5. Let a be q(-5). Let l be (4 - 0)/(a + 1). Let y(m) = 0 - 2*m + 0 + 6. Give y(l).
-2
Let s(b) be the first derivative of -9/4*b**4 - b + 0*b**2 + 2/3*b**3 + 4. What is s(1)?
-8
Let d(s) = s**3 + s**2 - 2*s + 1. Suppose 2*u + 2*w = -6